3 - 23*y**2/2 - 51*y + 12062. Determine m(-26).
-129
Suppose -2*b = -7*b - 2*y + 5, b = -y + 1. Let o(v) = 2*v**3 - 3. Let m(g) = -g**3 + g**2 - 1. Let q(u) = b*m(u) + o(u). Calculate q(0).
-4
Let b be (3 - 68/20)/(5/75). Let t(g) = g**3 + 7*g**2 + 10*g. Give t(b).
-24
Let g(z) = 4*z**2 + 32*z + 13. Let r = 22116 - 22122. Calculate g(r).
-35
Let h(l) = l**2 - 4*l - 10. Let f = -2946 + 2956. Determine h(f).
50
Let q(n) be the third derivative of n**5/60 - 5*n**4/12 - 7*n**3/6 - 49*n**2. Calculate q(6).
-31
Let a(w) be the third derivative of -11*w**6/120 - w**4/24 - 1213*w**2. Determine a(2).
-90
Let a = 26 - 67. Let d = 63 + a. Let x = d - 14. Let j(i) = i**2 - 7*i. Determine j(x).
8
Let m(p) = p - 15. Suppose t - 23 = -5*l, t - 5*l = -t - 14. Suppose 2*h - 4*g = 30, 6*h = 4*h + t*g + 30. Give m(h).
0
Let j = -12986 + 12989. Let r(t) = t**3 - 3*t**2 - 12*t + 35. What is r(j)?
-1
Suppose -24 = -21*d + 123. Let c(k) be the third derivative of -k**6/120 + 7*k**5/60 - k**3/2 - 11*k**2. Calculate c(d).
-3
Let w(p) = -2 + 34*p + 37*p - 148*p + 43*p + 35*p. Let t(b) = 2*b - b**3 + 2 + 4*b + 2*b**3 - 5*b**2 - 2*b**3. Let j be t(-6). Give w(j).
0
Let q be (-4 - 8/(-4 + 2))/(48/(-24)). Let s(f) be the second derivative of -3*f**2 - 36*f + q + 1/6*f**3. Determine s(13).
7
Let f(a) be the first derivative of a**3/3 + 9*a**2/2 - 6*a - 1592. Calculate f(-7).
-20
Suppose 0*y + 5*y - 4*g = -9, -5*y + 45 = 5*g. Let j(r) = 10*r**2 - r - 2. What is j(y)?
85
Let j(y) be the first derivative of y**3/3 - 13*y + 1. Suppose -24*a = -4*a + 60. Let f(t) = -6*t - 18. Let b be f(a). What is j(b)?
-13
Let a = -119 - -131. Let g(p) = -9*p - p + a*p. Give g(-5).
-10
Let u(y) be the third derivative of -y**6/120 - 7*y**5/60 + 7*y**4/24 - 4*y**3/3 + y**2. Let t be ((-36)/24)/((-9)/48). Suppose 83*q = 82*q - t. Calculate u(q).
0
Let t(q) be the third derivative of -q**4/24 - 3*q**3/2 + 453*q**2. Determine t(-7).
-2
Let i(b) = -b**2 + 11*b - 34. Suppose 7390*x = 7386*x + 40. Calculate i(x).
-24
Suppose m = -2*s + 101, 49 = -2*m + s + 261. Let z = -184 + 83. Let q = z + m. Let y(x) = x**2 - 3*x - 1. Determine y(q).
3
Suppose -87 = -21*p - 24. Let x(r) = -r + 1. Let h(b) = 3*b**2 - 3*b + 2. Let m(o) = p*x(o) - h(o). Suppose d + 2 = 6, 5*q - 4*d = -21. What is m(q)?
-2
Let q(a) be the third derivative of a**4/24 - a**3 + 2*a**2. Let h(w) = -w**2 + 76*w - 1323. Let y be h(49). Give q(y).
-6
Let r(i) = -i - 1 + 2 - 6. Let o(c) = 26*c - 123. Let b(z) = -13*z + 62. Let m(x) = -5*b(x) - 3*o(x). Let w be m(5). Calculate r(w).
1
Let l(k) = k - 2. Suppose -5*a = -228 + 223. Let d(r) = 12*r - 30. Let z(m) = a*d(m) - 15*l(m). Determine z(-1).
3
Let h(w) = w**2 + 9*w + 7. Suppose 5*v - 6*v = 0. Suppose 0 = -4*f - v*f - 8. Let z be f + 1/(-1) - 4. What is h(z)?
-7
Let v(o) = -o**2 + 5*o - 4. Let z(a) = 12*a**2 - 672*a - 7. Let y be z(56). Calculate v(y).
-88
Let s(q) = 2*q**2 - 55*q + 29. Let i be s(27). Let f(b) = b**2 - 27*b - b**2 + 30*b - 3 + 2*b**i. Calculate f(-3).
6
Let u(s) be the second derivative of -s**5/20 + 3*s**4/4 - s**3/3 + 17*s**2/2 + 2712*s. Calculate u(7).
101
Let p(q) be the second derivative of 5*q**3/2 - 66*q**2 - 80*q - 2. Determine p(9).
3
Suppose -4*l - 30 = 2. Let k(g) = 3*g**2 - 11*g + 68. Let q(y) = 8*y**2 - 32*y + 187. Let x(c) = -11*k(c) + 4*q(c). Give x(l).
-8
Let s(r) = -55*r**2 + 2*r - 2. Let v = 9151 - 9150. Determine s(v).
-55
Let j(m) be the first derivative of m**3/3 - 13*m**2/2 - 40*m - 1470. Give j(18).
50
Let h(g) = 2*g - 1. Let y be (-2)/(-11) + 212/44. Suppose 2*s - 4*q - 44 + 10 = 0, -5*q = y*s - 10. Let i(z) = -7*z + 44. Let x be i(s). Calculate h(x).
-11
Let m be -2 + (-4)/6*345/(-46). Let p(c) = 3*c**2 + 145 + c - c**m + 0*c**2 - 150. Calculate p(4).
-17
Suppose 4*h = -3*b + 41, -3*b + 13 = -2*h + 2. Suppose 0 = -4*y - b + 55. Suppose 0 = -y*m + 14*m - 6. Let s(a) = a**2 - a + 2. Give s(m).
8
Suppose 0 = 5*b + 97*p - 93*p - 22, 2*b = 4*p - 8. Let i(x) = -5*x + 11*x**2 - 1 - 4*x**2 + 4*x. Give i(b).
25
Suppose 5*v - 465 = -460. Let t(a) = a + v - 5*a**2 + 2*a - 5 - a**3 + 0*a**3. Calculate t(-5).
-19
Let v(m) = -7 - 1723*m**2 + 853*m**2 + m**3 + 2 + 853*m**2. Determine v(17).
-5
Let h(z) = z**2 + 10*z - 30. Let q = 179 + -191. Give h(q).
-6
Let y(c) = 29*c - 5. Let p(t) be the first derivative of 8*t**2 - 3*t - 132. Let b(x) = -5*p(x) + 3*y(x). What is b(-1)?
-7
Let n(w) = 1391*w - 4173. Let u be n(3). Let m(x) be the second derivative of -5/2*x**2 - 1/20*x**5 - 6*x + 1/6*x**3 + u + 1/3*x**4. Determine m(4).
-1
Let j(q) be the second derivative of -2*q**4/3 + q**2/2 - 78*q + 1. Suppose -3*d - 4 = -2*d. Let r be (d/6)/((-4)/(-6)). Determine j(r).
-7
Let c be -10*(0 + -1)*24/120. Let n be ((-9)/c)/((-126)/168). Let g(z) = -2*z + 7. Give g(n).
-5
Let b(k) be the second derivative of -k**5/20 - k**3/6 + 9*k**2/2 + 9*k - 1005. Let u be -1*0/3*1. Give b(u).
9
Suppose 4*s + 5*y + 35 = 0, -30*y = -31*y - 3. Let p(x) = -x**3 - 4*x**2 + 2*x + 4. Calculate p(s).
19
Let s(r) = r**3 + 31*r**2 - 35*r - 73. Let a(q) = 1308*q + 1276. Let d be a(-1). What is s(d)?
23
Let y(j) be the third derivative of -1/8*j**4 - 37*j**2 + 0 - 2*j - 1/3*j**3 - 1/15*j**5. What is y(-2)?
-12
Let y be 28 + (4/16)/((-6)/72). Let b(x) = 19*x - 8*x - y*x. Calculate b(1).
-14
Let m(n) be the first derivative of -2*n**2 + 4*n - 1413. Give m(0).
4
Let d(p) be the second derivative of p**3/6 + 4*p**2 + 51*p - 4. Determine d(-11).
-3
Let x(i) = -i - 1. Let g = 2440 + -2443. What is x(g)?
2
Suppose -185 + 2129 = 6*t. Let b(q) = 320*q - q**2 - 5 - 649*q + t*q. Give b(-4).
-1
Let m(h) = -h**3 + 9*h**2 - 3*h + 20. Suppose -29*w + 27*w + 40 = 4*l, 0 = 3*l - w - 25. Give m(l).
-7
Let t(l) = -l**3 + 6*l**2 - 5*l + 2. Suppose 5*r + z = -4*z - 20, -3*z = -5*r - 4. Let w be r/(-4)*(-12 + 22). Suppose s = w*s - 20. What is t(s)?
2
Let v(b) = -12*b - 272*b**2 + 3*b**3 - 4*b**3 + 14 - 272*b**2 + 549*b**2. Calculate v(3).
-4
Let o(q) = 6*q**2 - 9*q - 191. Let a(l) = l**2 - 3*l - 2. Let t(c) = 3*a(c) - o(c). Let f(b) be the first derivative of t(b). Calculate f(1).
-6
Suppose n = -2*x + 16, -2*x + 102*n - 99*n + 24 = 0. Let j(a) = -a**2 - a + 11. Calculate j(x).
-79
Let f(h) = h**2 + 22*h - 106. Let o be f(4). Let z = -12 + 17. Let l(n) = -1 - 2*n + z*n + 2*n**3 - 6*n - 2*n**2. Calculate l(o).
-19
Let v(r) = 3*r**2 - 8*r - 7. Let h = -49 - -51. Let o(m) = 7*m**2 - 16*m - 13. Let x(n) = h*o(n) - 5*v(n). Suppose -2*g + 54 = 4*g. What is x(g)?
0
Let c(f) = 2*f**2 - 28*f + 127. Let z(h) = -h**2 + 5*h + 1. Let q(a) = c(a) + z(a). What is q(12)?
-4
Let p(a) = a**2 - 2*a + 1. Let k(m) = -m**3 + 2713*m + 70 + m**2 - 2744*m + 0*m**3 - 35*m**2. Let c be k(-33). What is p(c)?
9
Let o(k) = -372*k + 1108. Let t be o(3). Let l(a) = a**2 + 5*a + 10. Give l(t).
34
Let p = -58927 - -58927. Let u(g) = -3*g - 11. Let f(x) = 4*x - 2*x + 0*x + 6. Let i(k) = 5*f(k) + 3*u(k). What is i(p)?
-3
Let n(i) = -i**3 + 5*i**2 + 8*i - 5. Suppose 21 = 4*u + t, -5*t - 10 = 3*u - 6*u. Let v = u - 2. Suppose v*x + 0*x = 18. Calculate n(x).
7
Let b(u) = u**3 - 10*u**2 - 24*u - 1. Suppose 82*g = 762 + 803 - 581. Determine b(g).
-1
Let c = -75 + 75. Let s be 0/5 + 0 - -2. Let i(d) = 3 - s*d + c + 3. What is i(6)?
-6
Suppose 5*c = 4*m - 58, 55*c - 4*m + 34 = 54*c. Let b(d) = -d**3 - 6*d**2 - 10*d - 63. Give b(c).
-3
Suppose -5*s + 10*c = 5*c - 30, -5*s - 5*c - 20 = 0. Let i be 14 + s/(9/(-3) - -4). Let y(n) = 13 + 7*n - i + 0*n. Calculate y(-2).
-16
Let j(d) be the second derivative of d**7/840 - d**6/240 + d**5/40 + 19*d**4/12 + d**3/6 - 19*d + 1. Let o(h) be the third derivative of j(h). Give o(2).
9
Suppose -o = -22*s + 25*s + 9, 4*o - 3*s - 54 = 0. Let y(v) = -v**2 + 9*v - 10. Determine y(o).
-10
Let d = 4 + -5. Let r(h) be the third derivative of 5*h**2 + 5/12*h**4 + 0 + 0*h**3 + 12*h. Determine r(d).
-10
Let c(f) = 4*f**3 - 14*f**2 - 12*f - 18. Let j(l) be the first derivative of 3*l**4/4 - 3*l**3 - 4*l**2 - 12*l - 76. Let i(m) = 5*c(m) - 7*j(m). Give i(-6).
-18
Let y be (12/5)/(18/(-60)). Let o(m) = -m - 4542 + 2277 + 2275. Calculate o(y).
18
Let h(n) = 7*n**3 - 6*n**2 + 15*n + 4. Let z(b) = -3*b**3 - 4*b**2 - 7*b - 2*b**2 - 5 + 3 + 0*b**2 + 8*b**2. Let y(a) = -2*h(a) - 5*z(a). Determine y(-3).
-22
Let d(w) = 14523*w + 6 - 14522*w - 